NOAA-Style Climate Reports
Select a Year or Month report
2024: Jan Feb Mar Apr May Jun Jul Aug Sep Oct Nov Dec
2023: Jan Feb Mar Apr May Jun Jul Aug Sep Oct Nov Dec
2022: Jan Feb Mar Apr May Jun Jul Aug Sep Oct Nov Dec
2021: Jan Feb Mar Apr May Jun Jul Aug Sep Oct Nov Dec
2020: Jan Feb Mar Apr May Jun Jul Aug Sep Oct Nov Dec
2019: Jan Feb Mar Apr May Jun Jul Aug Sep Oct Nov Dec
2018: Jan Feb Mar Apr May Jun Jul Aug Sep Oct Nov Dec
2017: Jan Feb Mar Apr May Jun Jul Aug Sep Oct Nov Dec
2016: Jan Feb Mar Apr May Jun Jul Aug Sep Oct Nov Dec
2015: Jan Feb Mar Apr May Jun Jul Aug Sep Oct Nov Dec
2014: Jan Feb Mar Apr May Jun Jul Aug Sep Oct Nov Dec
2013: Jan Feb Mar Apr May Jun Jul Aug Sep Oct Nov Dec
2012: Jan Feb Mar Apr May Jun Jul Aug Sep Oct Nov Dec
2024: Jan Feb Mar Apr May Jun Jul Aug Sep Oct Nov Dec
2023: Jan Feb Mar Apr May Jun Jul Aug Sep Oct Nov Dec
2022: Jan Feb Mar Apr May Jun Jul Aug Sep Oct Nov Dec
2021: Jan Feb Mar Apr May Jun Jul Aug Sep Oct Nov Dec
2020: Jan Feb Mar Apr May Jun Jul Aug Sep Oct Nov Dec
2019: Jan Feb Mar Apr May Jun Jul Aug Sep Oct Nov Dec
2018: Jan Feb Mar Apr May Jun Jul Aug Sep Oct Nov Dec
2017: Jan Feb Mar Apr May Jun Jul Aug Sep Oct Nov Dec
2016: Jan Feb Mar Apr May Jun Jul Aug Sep Oct Nov Dec
2015: Jan Feb Mar Apr May Jun Jul Aug Sep Oct Nov Dec
2014: Jan Feb Mar Apr May Jun Jul Aug Sep Oct Nov Dec
2013: Jan Feb Mar Apr May Jun Jul Aug Sep Oct Nov Dec
2012: Jan Feb Mar Apr May Jun Jul Aug Sep Oct Nov Dec
Report for 2018 July
Monthly Climatological Summary for Jul 2018 Name: EW9556 City: Newport News State: Virginia Elevation: 35 ft Lat: N 37° 06' 55" Lon: W 076° 31' 34" Temperature (°F), Rain (in), Wind Speed (mph) Heat Cool Avg Mean Deg Deg Wind Dom Day Temp High Time Low Time Days Days Rain Speed High Time Dir ---------------------------------------------------------------------------------- 1 85.4 96.8 13:59 76.2 06:06 0.0 20.4 0.00 0.2 6.0 16:27 SSW 2 86.4 98.4 16:15 76.0 06:04 0.0 21.4 0.00 0.1 5.0 14:28 SW 3 84.0 93.3 13:40 75.4 05:50 0.0 19.0 0.00 0.7 11.0 15:45 ENE 4 81.1 88.0 16:33 74.0 05:11 0.0 16.1 0.00 1.2 14.0 14:19 ENE 5 82.5 93.1 17:08 74.4 04:36 0.0 17.5 0.00 0.3 8.0 10:59 ENE 6 80.5 93.8 13:38 74.9 16:47 0.0 15.5 0.12 0.3 10.0 13:52 WSW 7 74.4 77.5 15:07 69.1 23:57 0.0 9.5 0.01 4.0 25.0 05:51 NE 8 72.1 78.8 16:06 64.6 23:42 0.0 7.1 0.00 3.3 17.0 09:07 NE 9 70.7 83.7 16:32 57.2 04:02 1.6 7.3 0.00 1.1 13.0 10:06 NE 10 76.6 92.4 17:05 58.8 05:21 1.4 13.0 0.00 0.4 8.0 14:46 NNW 11 81.2 95.2 13:52 71.6 05:25 0.0 16.2 0.06 0.7 13.0 15:43 NNE 12 77.4 84.4 13:34 72.6 23:55 0.0 12.4 0.01 1.6 14.0 17:19 ENE 13 76.4 83.8 14:26 68.2 23:58 0.0 11.4 0.00 1.7 17.0 15:28 ENE 14 75.8 88.7 15:09 61.6 05:46 0.4 10.8 0.00 0.4 7.0 11:05 SSE 15 79.9 91.7 15:43 69.2 04:29 0.0 14.9 0.00 0.3 9.0 09:33 SW 16 82.8 92.6 16:29 76.2 05:53 0.0 17.8 0.00 0.3 9.0 18:26 SSW 17 83.3 94.1 14:51 75.6 23:57 0.0 18.3 0.02 0.5 10.0 12:59 WSW 18 78.2 87.9 14:35 68.4 23:57 0.0 13.2 0.01 0.9 12.0 17:49 NE 19 75.7 85.8 16:47 63.5 06:15 0.1 10.9 0.00 1.0 15.0 13:07 ENE 20 76.7 85.7 13:39 65.0 06:05 0.0 11.7 0.02 0.9 16.0 15:55 ENE 21 74.1 77.8 17:01 68.6 21:57 0.0 9.1 1.58 1.4 14.0 13:58 NE 22 76.5 91.0 14:44 66.8 04:15 0.0 11.5 1.44 0.6 15.0 15:32 SSW 23 78.1 85.2 13:46 73.0 04:50 0.0 13.1 0.30 0.5 17.0 10:51 SE 24 75.3 78.5 15:05 73.0 04:24 0.0 10.3 1.68 0.2 11.0 09:00 SSE 25 77.9 85.6 15:14 74.0 08:26 0.0 12.9 0.12 0.0 7.0 14:23 S 26 78.8 90.1 16:27 70.9 05:40 0.0 13.4 0.00 0.2 8.0 01:00 WSW 27 82.0 94.2 15:09 73.5 23:35 0.0 16.8 0.16 0.2 10.0 19:32 SW 28 78.7 88.7 15:25 71.2 05:22 0.0 13.7 0.01 0.1 6.0 12:12 NE 29 79.4 87.3 15:43 73.9 03:03 0.0 14.4 0.00 0.9 11.0 14:58 ENE 30 74.8 78.9 13:43 72.1 16:48 0.0 9.8 1.73 0.7 12.0 15:08 ENE 31 78.1 90.1 15:08 72.3 00:18 0.0 13.1 1.06 0.3 11.0 17:41 NE ---------------------------------------------------------------------------------- 78.5 98.4 2 57.2 9 3.5 422.5 8.33 0.8 25.0 7 ENE Max >= 80.0: 26 Max <= 32.0: 0 Min <= 32.0: 0 Min <= 0.0: 0 Max Rain: 1.73 on day 30 Days of Rain: 16 (>= 0.01 in) 9 (>= 0.10 in) 5 (>= 1.00 in) Heat Base: 65.0 Cool Base: 65.0 Method: Integration