NOAA-Style Climate Reports
Select a Year or Month report
2024: Jan Feb Mar Apr May Jun Jul Aug Sep Oct Nov Dec
2023: Jan Feb Mar Apr May Jun Jul Aug Sep Oct Nov Dec
2022: Jan Feb Mar Apr May Jun Jul Aug Sep Oct Nov Dec
2021: Jan Feb Mar Apr May Jun Jul Aug Sep Oct Nov Dec
2020: Jan Feb Mar Apr May Jun Jul Aug Sep Oct Nov Dec
2019: Jan Feb Mar Apr May Jun Jul Aug Sep Oct Nov Dec
2018: Jan Feb Mar Apr May Jun Jul Aug Sep Oct Nov Dec
2017: Jan Feb Mar Apr May Jun Jul Aug Sep Oct Nov Dec
2016: Jan Feb Mar Apr May Jun Jul Aug Sep Oct Nov Dec
2015: Jan Feb Mar Apr May Jun Jul Aug Sep Oct Nov Dec
2014: Jan Feb Mar Apr May Jun Jul Aug Sep Oct Nov Dec
2013: Jan Feb Mar Apr May Jun Jul Aug Sep Oct Nov Dec
2012: Jan Feb Mar Apr May Jun Jul Aug Sep Oct Nov Dec
2024: Jan Feb Mar Apr May Jun Jul Aug Sep Oct Nov Dec
2023: Jan Feb Mar Apr May Jun Jul Aug Sep Oct Nov Dec
2022: Jan Feb Mar Apr May Jun Jul Aug Sep Oct Nov Dec
2021: Jan Feb Mar Apr May Jun Jul Aug Sep Oct Nov Dec
2020: Jan Feb Mar Apr May Jun Jul Aug Sep Oct Nov Dec
2019: Jan Feb Mar Apr May Jun Jul Aug Sep Oct Nov Dec
2018: Jan Feb Mar Apr May Jun Jul Aug Sep Oct Nov Dec
2017: Jan Feb Mar Apr May Jun Jul Aug Sep Oct Nov Dec
2016: Jan Feb Mar Apr May Jun Jul Aug Sep Oct Nov Dec
2015: Jan Feb Mar Apr May Jun Jul Aug Sep Oct Nov Dec
2014: Jan Feb Mar Apr May Jun Jul Aug Sep Oct Nov Dec
2013: Jan Feb Mar Apr May Jun Jul Aug Sep Oct Nov Dec
2012: Jan Feb Mar Apr May Jun Jul Aug Sep Oct Nov Dec
Report for 2019 February
Monthly Climatological Summary for Feb 2019 Name: EW9556 City: Newport News State: Virginia Elevation: 35 ft Lat: N 37° 06' 55" Lon: W 076° 31' 34" Temperature (°F), Rain (in), Wind Speed (mph) Heat Cool Avg Mean Deg Deg Wind Dom Day Temp High Time Low Time Days Days Rain Speed High Time Dir ---------------------------------------------------------------------------------- 1 34.2 46.1 13:36 25.5 00:00 30.8 0.0 0.02 0.5 9.0 21:41 NE 2 34.3 51.1 16:42 24.8 06:07 30.7 0.0 0.00 0.3 6.0 08:52 ESE 3 47.0 64.9 14:07 31.9 00:28 18.0 0.0 0.00 0.2 6.0 11:22 SSW 4 50.7 60.7 11:51 42.7 23:12 14.3 0.0 0.00 1.2 14.0 12:47 ENE 5 52.2 70.2 15:32 36.2 06:14 13.5 0.7 0.00 0.3 8.0 15:05 ENE 6 62.0 73.3 13:58 48.5 06:11 5.4 2.4 0.00 1.0 10.0 10:57 S 7 59.4 71.7 15:22 49.6 23:07 5.8 0.2 0.00 0.9 12.0 15:37 ENE 8 62.6 75.9 12:47 49.5 23:58 4.1 1.8 0.00 1.3 20.0 12:58 WNW 9 37.1 49.5 00:00 28.9 23:34 27.9 0.0 0.00 1.6 15.0 09:27 N 10 35.2 44.7 12:50 22.9 07:07 29.8 0.0 0.05 0.2 8.0 17:35 E 11 39.3 41.6 10:56 36.4 01:17 25.7 0.0 0.38 1.3 15.0 21:47 ENE 12 45.5 51.2 15:56 38.7 01:12 19.5 0.0 0.30 1.1 14.0 00:29 ENE 13 48.1 55.1 16:32 41.0 23:07 16.9 0.0 0.00 2.3 21.0 13:36 W 14 47.0 59.1 15:00 33.2 06:51 18.0 0.0 0.00 0.8 14.0 19:13 S 15 59.3 67.5 13:28 48.8 01:34 6.1 0.4 0.00 1.1 18.0 04:18 SW 16 43.4 60.3 00:00 33.2 23:58 21.6 0.0 0.45 1.4 16.0 06:49 NE 17 38.5 44.7 13:06 30.5 02:02 26.5 0.0 0.32 0.5 10.0 09:09 E 18 48.7 59.6 14:03 42.3 00:00 16.3 0.0 0.72 1.4 14.0 10:56 WNW 19 39.0 43.1 12:26 35.1 07:02 26.0 0.0 0.00 1.8 18.0 08:37 NE 20 39.8 45.1 18:53 35.2 08:45 25.2 0.0 0.22 2.1 18.0 09:35 ENE 21 45.2 57.0 15:54 37.8 01:44 19.8 0.0 0.09 0.5 8.0 00:05 W 22 44.8 47.3 14:09 41.6 22:32 20.2 0.0 0.44 0.6 9.0 06:54 ENE 23 42.9 46.2 20:12 41.5 02:05 22.2 0.0 1.34 1.9 16.0 17:49 ENE 24 50.9 63.2 16:37 41.6 02:24 14.1 0.0 0.11 1.8 23.0 21:39 W 25 49.1 58.3 16:12 37.8 23:50 15.9 0.0 0.00 2.6 24.0 12:49 W 26 43.9 58.4 15:00 31.1 07:09 21.1 0.0 0.00 0.5 12.0 15:11 E 27 42.9 48.3 10:31 40.5 03:43 22.1 0.0 0.01 2.4 16.0 07:43 ENE 28 44.0 48.4 12:05 40.3 21:38 21.0 0.0 0.00 2.3 16.0 09:45 ENE ---------------------------------------------------------------------------------- 46.0 75.9 8 22.9 10 538.5 5.5 4.45 1.2 24.0 25 NE Max >= 80.0: 0 Max <= 32.0: 0 Min <= 32.0: 7 Min <= 0.0: 0 Max Rain: 1.34 on day 23 Days of Rain: 13 (>= 0.01 in) 9 (>= 0.10 in) 1 (>= 1.00 in) Heat Base: 65.0 Cool Base: 65.0 Method: Integration