NOAA-Style Climate Reports
Select a Year or Month report
2024: Jan Feb Mar Apr May Jun Jul Aug Sep Oct Nov Dec
2023: Jan Feb Mar Apr May Jun Jul Aug Sep Oct Nov Dec
2022: Jan Feb Mar Apr May Jun Jul Aug Sep Oct Nov Dec
2021: Jan Feb Mar Apr May Jun Jul Aug Sep Oct Nov Dec
2020: Jan Feb Mar Apr May Jun Jul Aug Sep Oct Nov Dec
2019: Jan Feb Mar Apr May Jun Jul Aug Sep Oct Nov Dec
2018: Jan Feb Mar Apr May Jun Jul Aug Sep Oct Nov Dec
2017: Jan Feb Mar Apr May Jun Jul Aug Sep Oct Nov Dec
2016: Jan Feb Mar Apr May Jun Jul Aug Sep Oct Nov Dec
2015: Jan Feb Mar Apr May Jun Jul Aug Sep Oct Nov Dec
2014: Jan Feb Mar Apr May Jun Jul Aug Sep Oct Nov Dec
2013: Jan Feb Mar Apr May Jun Jul Aug Sep Oct Nov Dec
2012: Jan Feb Mar Apr May Jun Jul Aug Sep Oct Nov Dec
2024: Jan Feb Mar Apr May Jun Jul Aug Sep Oct Nov Dec
2023: Jan Feb Mar Apr May Jun Jul Aug Sep Oct Nov Dec
2022: Jan Feb Mar Apr May Jun Jul Aug Sep Oct Nov Dec
2021: Jan Feb Mar Apr May Jun Jul Aug Sep Oct Nov Dec
2020: Jan Feb Mar Apr May Jun Jul Aug Sep Oct Nov Dec
2019: Jan Feb Mar Apr May Jun Jul Aug Sep Oct Nov Dec
2018: Jan Feb Mar Apr May Jun Jul Aug Sep Oct Nov Dec
2017: Jan Feb Mar Apr May Jun Jul Aug Sep Oct Nov Dec
2016: Jan Feb Mar Apr May Jun Jul Aug Sep Oct Nov Dec
2015: Jan Feb Mar Apr May Jun Jul Aug Sep Oct Nov Dec
2014: Jan Feb Mar Apr May Jun Jul Aug Sep Oct Nov Dec
2013: Jan Feb Mar Apr May Jun Jul Aug Sep Oct Nov Dec
2012: Jan Feb Mar Apr May Jun Jul Aug Sep Oct Nov Dec
Report for 2019 July
Monthly Climatological Summary for Jul 2019 Name: EW9556 City: Newport News State: Virginia Elevation: 35 ft Lat: N 37° 06' 55" Lon: W 076° 31' 34" Temperature (°F), Rain (in), Wind Speed (mph) Heat Cool Avg Mean Deg Deg Wind Dom Day Temp High Time Low Time Days Days Rain Speed High Time Dir ---------------------------------------------------------------------------------- 1 77.2 87.4 15:29 69.2 23:58 0.0 12.2 0.00 1.1 11.0 13:18 NE 2 80.5 94.5 16:30 67.9 06:05 0.0 15.5 0.00 0.4 8.0 15:22 WSW 3 84.5 97.5 14:54 74.5 06:07 0.0 19.5 0.00 0.5 9.0 18:36 NE 4 83.2 97.3 15:13 73.6 22:46 0.0 18.2 0.09 0.4 12.0 20:54 E 5 81.3 94.6 15:45 72.5 06:11 0.0 16.3 0.00 0.1 7.0 18:00 SW 6 82.7 93.1 15:23 75.4 04:24 0.0 17.7 0.00 0.3 10.0 15:46 WSW 7 81.5 93.9 14:04 75.1 18:24 0.0 16.5 0.24 0.4 13.0 14:29 NNE 8 78.5 90.7 13:35 74.6 03:48 0.0 13.5 1.24 1.2 17.0 15:08 NE 9 76.7 83.9 13:22 68.7 23:50 0.0 11.7 0.00 1.4 14.0 10:44 ENE 10 78.0 92.3 15:32 64.4 06:05 0.0 13.0 0.00 0.3 11.0 17:58 ENE 11 82.5 95.6 15:28 73.3 23:42 0.0 17.5 0.97 0.4 9.0 20:04 WSW 12 81.0 91.3 16:46 73.0 00:55 0.0 16.0 0.00 0.4 11.0 05:24 W 13 82.6 93.3 16:08 73.7 06:18 0.0 17.6 0.00 0.7 11.0 09:16 ENE 14 84.9 96.5 13:39 74.4 05:25 0.0 20.0 0.00 0.2 6.0 15:18 WNW 15 84.4 94.5 15:53 77.2 02:30 0.0 18.6 0.00 0.3 8.0 12:12 NNW 16 83.8 97.0 16:00 75.6 05:52 0.0 18.8 0.01 0.1 14.0 17:25 SW 17 86.2 98.6 15:53 76.0 21:46 0.0 21.2 0.17 0.4 11.0 21:11 WSW 18 85.5 95.2 13:17 77.9 00:00 0.0 20.6 0.00 0.4 11.0 09:02 WSW 19 86.5 98.7 15:14 76.7 05:52 0.0 21.5 0.00 0.1 9.0 02:24 WSW 20 89.6 100.8 16:46 79.9 06:09 0.0 24.6 0.00 0.2 8.0 17:24 WSW 21 88.4 100.4 16:14 79.7 06:06 0.0 23.4 0.00 0.3 8.0 07:51 WSW 22 87.2 98.6 15:11 75.1 23:56 0.0 22.2 0.09 0.8 15.0 14:49 WSW 23 72.1 78.5 02:59 67.1 17:58 0.0 7.1 2.17 0.6 13.0 04:08 NE 24 73.3 81.2 15:17 66.4 04:09 0.0 8.2 0.00 1.4 17.0 13:37 NE 25 75.2 85.2 16:03 66.0 05:54 0.0 10.3 0.00 0.9 12.0 10:57 NE 26 76.0 85.8 16:25 65.7 04:53 0.0 11.0 0.00 0.5 10.0 12:29 ENE 27 76.3 89.5 15:57 64.4 06:10 0.0 11.3 0.00 0.4 9.0 15:13 NE 28 79.0 93.1 16:21 65.4 06:18 0.0 14.0 0.00 0.1 6.0 20:26 WSW ---------------------------------------------------------------------------------- 81.4 100.8 20 64.4 10 0.0 458.0 4.98 0.5 17.0 8 NE Max >= 80.0: 27 Max <= 32.0: 0 Min <= 32.0: 0 Min <= 0.0: 0 Max Rain: 2.17 on day 23 Days of Rain: 8 (>= 0.01 in) 5 (>= 0.10 in) 2 (>= 1.00 in) Heat Base: 65.0 Cool Base: 65.0 Method: Integration