NOAA-Style Climate Reports
Select a Year or Month report
2024: Jan Feb Mar Apr May Jun Jul Aug Sep Oct Nov Dec
2023: Jan Feb Mar Apr May Jun Jul Aug Sep Oct Nov Dec
2022: Jan Feb Mar Apr May Jun Jul Aug Sep Oct Nov Dec
2021: Jan Feb Mar Apr May Jun Jul Aug Sep Oct Nov Dec
2020: Jan Feb Mar Apr May Jun Jul Aug Sep Oct Nov Dec
2019: Jan Feb Mar Apr May Jun Jul Aug Sep Oct Nov Dec
2018: Jan Feb Mar Apr May Jun Jul Aug Sep Oct Nov Dec
2017: Jan Feb Mar Apr May Jun Jul Aug Sep Oct Nov Dec
2016: Jan Feb Mar Apr May Jun Jul Aug Sep Oct Nov Dec
2015: Jan Feb Mar Apr May Jun Jul Aug Sep Oct Nov Dec
2014: Jan Feb Mar Apr May Jun Jul Aug Sep Oct Nov Dec
2013: Jan Feb Mar Apr May Jun Jul Aug Sep Oct Nov Dec
2012: Jan Feb Mar Apr May Jun Jul Aug Sep Oct Nov Dec
2024: Jan Feb Mar Apr May Jun Jul Aug Sep Oct Nov Dec
2023: Jan Feb Mar Apr May Jun Jul Aug Sep Oct Nov Dec
2022: Jan Feb Mar Apr May Jun Jul Aug Sep Oct Nov Dec
2021: Jan Feb Mar Apr May Jun Jul Aug Sep Oct Nov Dec
2020: Jan Feb Mar Apr May Jun Jul Aug Sep Oct Nov Dec
2019: Jan Feb Mar Apr May Jun Jul Aug Sep Oct Nov Dec
2018: Jan Feb Mar Apr May Jun Jul Aug Sep Oct Nov Dec
2017: Jan Feb Mar Apr May Jun Jul Aug Sep Oct Nov Dec
2016: Jan Feb Mar Apr May Jun Jul Aug Sep Oct Nov Dec
2015: Jan Feb Mar Apr May Jun Jul Aug Sep Oct Nov Dec
2014: Jan Feb Mar Apr May Jun Jul Aug Sep Oct Nov Dec
2013: Jan Feb Mar Apr May Jun Jul Aug Sep Oct Nov Dec
2012: Jan Feb Mar Apr May Jun Jul Aug Sep Oct Nov Dec
Report for 2020 December
Monthly Climatological Summary for Dec 2020 Name: EW9556 City: Newport News State: Virginia Elevation: 35 ft Lat: N 37° 06' 55" Lon: W 076° 31' 34" Temperature (°F), Rain (in), Wind Speed (mph) Heat Cool Avg Mean Deg Deg Wind Dom Day Temp High Time Low Time Days Days Rain Speed High Time Dir ---------------------------------------------------------------------------------- 1 45.2 52.5 00:00 38.0 23:56 19.8 0.0 0.00 2.3 17.0 11:52 W 2 39.7 50.3 15:32 33.6 05:41 25.3 0.0 0.00 0.6 11.0 08:34 WNW 3 43.3 59.0 15:34 27.7 07:01 21.7 0.0 0.00 0.1 6.0 11:18 SSW 4 53.6 62.3 14:49 42.8 02:03 11.4 0.0 0.58 0.1 7.0 06:36 SSW 5 50.6 60.7 01:59 40.9 22:30 14.4 0.0 0.50 2.0 18.0 03:29 NW 6 40.6 49.9 15:33 33.3 07:35 24.4 0.0 0.00 0.3 10.0 12:21 WNW 7 37.6 40.6 03:46 33.7 23:57 27.4 0.0 0.27 0.9 12.0 12:03 NE 8 36.7 47.5 15:35 29.6 23:41 28.3 0.0 0.00 0.9 12.0 11:15 NW 9 37.5 49.3 15:25 25.8 04:11 27.5 0.0 0.00 0.5 11.0 12:54 W 10 40.9 53.7 13:25 30.9 06:58 24.1 0.0 0.00 0.1 7.0 10:04 E 11 51.0 66.2 15:34 35.7 00:34 14.0 0.0 0.00 0.2 8.0 14:17 S 12 59.0 66.0 14:17 54.4 03:43 6.1 0.0 0.00 0.2 8.0 21:01 SW 13 58.9 69.9 15:38 50.7 22:56 6.5 0.4 0.07 0.2 8.0 05:55 WSW 14 46.3 53.0 00:00 35.7 23:59 18.7 0.0 0.98 2.6 16.0 11:42 NNE 15 37.6 44.0 13:50 32.1 22:58 27.4 0.0 0.00 0.8 12.0 10:02 NE 16 43.6 55.3 16:29 34.7 00:57 21.4 0.0 0.93 1.8 14.0 14:14 NE 17 38.1 45.1 15:41 32.4 07:29 26.9 0.0 0.00 0.6 15.0 00:12 WNW 18 37.4 41.5 11:41 29.6 23:58 27.6 0.0 0.00 0.3 9.0 10:42 NNW 19 34.7 43.0 12:22 26.0 07:20 30.3 0.0 0.00 0.1 6.0 12:31 WNW 20 40.1 43.8 18:06 33.8 02:35 24.9 0.0 0.34 0.0 3.0 22:14 ENE 21 42.2 46.8 23:49 39.7 08:06 22.8 0.0 0.00 0.1 8.0 13:56 WSW 22 46.2 53.9 15:36 36.2 23:50 18.8 0.0 0.00 0.9 14.0 12:00 WNW 23 41.5 54.0 15:37 28.3 06:21 23.5 0.0 0.00 0.2 6.0 11:44 S 24 61.4 68.6 13:51 44.7 00:00 4.3 0.7 2.61 2.8 17.0 22:07 S 25 42.2 59.8 00:00 28.5 23:59 22.8 0.0 0.05 2.2 23.0 05:42 W 26 30.5 39.1 15:42 24.3 07:14 33.4 0.0 0.00 0.8 12.0 04:22 W 27 34.7 46.9 15:34 23.6 06:46 30.3 0.0 0.00 0.3 10.0 09:48 E 28 45.5 56.9 14:43 32.3 02:20 19.5 0.0 0.00 0.3 10.0 14:19 WSW 29 40.3 47.6 13:03 28.6 23:52 24.6 0.0 0.00 0.8 15.0 09:39 N 30 40.7 52.3 15:15 25.6 05:49 24.3 0.0 0.00 0.1 6.0 14:10 S 31 50.8 57.5 15:17 45.1 23:48 14.2 0.0 0.21 1.0 16.0 21:55 ENE ---------------------------------------------------------------------------------- 43.5 69.9 13 23.6 27 666.6 1.1 6.54 0.8 23.0 25 NW Max >= 80.0: 0 Max <= 32.0: 0 Min <= 32.0: 12 Min <= 0.0: 0 Max Rain: 2.61 on day 24 Days of Rain: 10 (>= 0.01 in) 8 (>= 0.10 in) 1 (>= 1.00 in) Heat Base: 65.0 Cool Base: 65.0 Method: Integration