NOAA-Style Climate Reports
Select a Year or Month report
2024: Jan Feb Mar Apr May Jun Jul Aug Sep Oct Nov Dec
2023: Jan Feb Mar Apr May Jun Jul Aug Sep Oct Nov Dec
2022: Jan Feb Mar Apr May Jun Jul Aug Sep Oct Nov Dec
2021: Jan Feb Mar Apr May Jun Jul Aug Sep Oct Nov Dec
2020: Jan Feb Mar Apr May Jun Jul Aug Sep Oct Nov Dec
2019: Jan Feb Mar Apr May Jun Jul Aug Sep Oct Nov Dec
2018: Jan Feb Mar Apr May Jun Jul Aug Sep Oct Nov Dec
2017: Jan Feb Mar Apr May Jun Jul Aug Sep Oct Nov Dec
2016: Jan Feb Mar Apr May Jun Jul Aug Sep Oct Nov Dec
2015: Jan Feb Mar Apr May Jun Jul Aug Sep Oct Nov Dec
2014: Jan Feb Mar Apr May Jun Jul Aug Sep Oct Nov Dec
2013: Jan Feb Mar Apr May Jun Jul Aug Sep Oct Nov Dec
2012: Jan Feb Mar Apr May Jun Jul Aug Sep Oct Nov Dec
2024: Jan Feb Mar Apr May Jun Jul Aug Sep Oct Nov Dec
2023: Jan Feb Mar Apr May Jun Jul Aug Sep Oct Nov Dec
2022: Jan Feb Mar Apr May Jun Jul Aug Sep Oct Nov Dec
2021: Jan Feb Mar Apr May Jun Jul Aug Sep Oct Nov Dec
2020: Jan Feb Mar Apr May Jun Jul Aug Sep Oct Nov Dec
2019: Jan Feb Mar Apr May Jun Jul Aug Sep Oct Nov Dec
2018: Jan Feb Mar Apr May Jun Jul Aug Sep Oct Nov Dec
2017: Jan Feb Mar Apr May Jun Jul Aug Sep Oct Nov Dec
2016: Jan Feb Mar Apr May Jun Jul Aug Sep Oct Nov Dec
2015: Jan Feb Mar Apr May Jun Jul Aug Sep Oct Nov Dec
2014: Jan Feb Mar Apr May Jun Jul Aug Sep Oct Nov Dec
2013: Jan Feb Mar Apr May Jun Jul Aug Sep Oct Nov Dec
2012: Jan Feb Mar Apr May Jun Jul Aug Sep Oct Nov Dec
Report for 2021 July
Monthly Climatological Summary for Jul 2021 Name: EW9556 City: Newport News State: Virginia Elevation: 63 ft Lat: N 37° 06' 55" Lon: W 076° 31' 34" Temperature (°F), Rain (in), Wind Speed (mph) Heat Cool Avg Mean Deg Deg Wind Dom Day Temp High Time Low Time Days Days Rain Speed High Time Dir ---------------------------------------------------------------------------------- 1 83.1 95.5 14:55 75.4 22:20 0.0 18.1 0.00 0.3 10.0 15:16 W 2 72.4 76.1 17:51 69.4 10:12 0.0 7.4 1.34 0.0 9.0 13:31 WSW 3 72.7 81.4 15:46 64.4 05:56 0.0 7.7 0.00 0.5 9.0 11:18 WNW 4 76.0 88.0 14:38 62.1 05:56 0.2 11.1 0.00 0.1 6.0 15:27 WSW 5 79.8 92.4 15:07 67.6 06:10 0.0 14.8 0.00 0.0 5.0 08:46 SSW 6 82.3 94.5 15:59 72.2 05:44 0.0 17.3 0.00 0.0 5.0 12:09 WSW 7 83.6 95.8 14:39 73.7 06:07 0.0 18.6 0.00 0.1 6.0 13:12 SW 8 77.3 83.0 09:18 73.4 22:33 0.0 12.3 1.42 0.5 17.0 21:46 SE 9 77.7 92.3 14:37 70.3 06:10 0.0 12.7 0.41 0.4 17.0 01:27 W 10 79.1 88.3 16:30 72.3 02:41 0.0 13.5 0.00 0.4 11.0 09:29 NE 11 80.4 93.1 14:52 71.3 04:09 0.0 15.4 0.15 0.1 7.0 11:05 SSW 12 84.0 93.6 15:35 76.6 05:03 0.0 19.0 0.00 0.3 11.0 14:32 WSW 13 83.8 92.6 12:58 76.2 05:58 0.0 18.8 0.00 0.2 7.0 18:02 WSW 14 83.6 94.4 14:59 75.4 06:10 0.0 18.6 0.00 0.2 9.0 20:52 W 15 84.0 94.9 16:07 75.0 06:10 0.0 19.0 0.00 0.1 6.0 12:39 W 16 83.1 95.6 14:40 77.2 05:56 0.0 18.1 0.05 0.0 5.0 13:48 W 17 85.1 95.5 15:27 77.4 23:05 0.0 20.1 0.00 0.3 12.0 18:41 WSW 18 80.9 89.6 13:46 71.3 23:48 0.0 15.9 0.18 0.4 9.0 01:21 W 19 74.3 79.5 17:57 67.8 23:49 0.0 9.3 0.00 0.0 3.0 11:50 --- 20 76.6 89.0 16:38 66.2 04:04 0.0 11.6 0.00 0.2 7.0 14:34 ENE 21 79.7 91.8 15:30 70.7 05:55 0.0 14.2 0.00 0.2 16.0 20:28 NNW 22 75.3 84.0 15:30 66.6 23:59 0.0 10.3 0.00 0.7 11.0 11:24 NE 23 75.0 87.5 14:58 63.3 05:58 0.1 10.1 0.00 0.2 7.0 15:22 NE 24 76.7 88.8 15:11 65.4 05:57 0.0 11.7 0.00 0.1 6.0 16:08 S 25 80.8 90.9 16:31 72.8 04:43 0.0 15.8 0.00 0.2 7.0 12:08 WSW 26 79.8 91.5 15:33 71.7 23:57 0.0 14.8 0.00 0.2 12.0 17:01 W 27 81.1 93.9 15:51 71.0 02:46 0.0 16.1 0.00 0.1 5.0 03:46 NE 28 76.3 90.5 11:28 71.0 13:17 0.0 11.3 0.31 0.1 14.0 12:43 NE 29 71.0 71.0 00:00 71.0 00:00 0.0 6.0 0.00 0.0 3.0 00:00 --- 30 71.0 71.0 00:00 71.0 00:00 0.0 6.0 0.00 0.0 3.0 00:00 --- 31 71.0 71.0 00:00 71.0 00:00 0.0 6.0 0.00 0.0 3.0 00:00 --- ---------------------------------------------------------------------------------- 78.6 95.8 7 62.1 4 0.3 421.6 3.86 0.2 17.0 8 WNW Max >= 80.0: 26 Max <= 32.0: 0 Min <= 32.0: 0 Min <= 0.0: 0 Max Rain: 1.42 on day 8 Days of Rain: 7 (>= 0.01 in) 6 (>= 0.10 in) 2 (>= 1.00 in) Heat Base: 65.0 Cool Base: 65.0 Method: Integration