NOAA-Style Climate Reports
Select a Year or Month report
2024: Jan Feb Mar Apr May Jun Jul Aug Sep Oct Nov Dec
2023: Jan Feb Mar Apr May Jun Jul Aug Sep Oct Nov Dec
2022: Jan Feb Mar Apr May Jun Jul Aug Sep Oct Nov Dec
2021: Jan Feb Mar Apr May Jun Jul Aug Sep Oct Nov Dec
2020: Jan Feb Mar Apr May Jun Jul Aug Sep Oct Nov Dec
2019: Jan Feb Mar Apr May Jun Jul Aug Sep Oct Nov Dec
2018: Jan Feb Mar Apr May Jun Jul Aug Sep Oct Nov Dec
2017: Jan Feb Mar Apr May Jun Jul Aug Sep Oct Nov Dec
2016: Jan Feb Mar Apr May Jun Jul Aug Sep Oct Nov Dec
2015: Jan Feb Mar Apr May Jun Jul Aug Sep Oct Nov Dec
2014: Jan Feb Mar Apr May Jun Jul Aug Sep Oct Nov Dec
2013: Jan Feb Mar Apr May Jun Jul Aug Sep Oct Nov Dec
2012: Jan Feb Mar Apr May Jun Jul Aug Sep Oct Nov Dec
2024: Jan Feb Mar Apr May Jun Jul Aug Sep Oct Nov Dec
2023: Jan Feb Mar Apr May Jun Jul Aug Sep Oct Nov Dec
2022: Jan Feb Mar Apr May Jun Jul Aug Sep Oct Nov Dec
2021: Jan Feb Mar Apr May Jun Jul Aug Sep Oct Nov Dec
2020: Jan Feb Mar Apr May Jun Jul Aug Sep Oct Nov Dec
2019: Jan Feb Mar Apr May Jun Jul Aug Sep Oct Nov Dec
2018: Jan Feb Mar Apr May Jun Jul Aug Sep Oct Nov Dec
2017: Jan Feb Mar Apr May Jun Jul Aug Sep Oct Nov Dec
2016: Jan Feb Mar Apr May Jun Jul Aug Sep Oct Nov Dec
2015: Jan Feb Mar Apr May Jun Jul Aug Sep Oct Nov Dec
2014: Jan Feb Mar Apr May Jun Jul Aug Sep Oct Nov Dec
2013: Jan Feb Mar Apr May Jun Jul Aug Sep Oct Nov Dec
2012: Jan Feb Mar Apr May Jun Jul Aug Sep Oct Nov Dec
Report for 2021 November
Monthly Climatological Summary for Nov 2021 Name: EW9556 City: Newport News State: Virginia Elevation: 63 ft Lat: N 37° 06' 55" Lon: W 076° 31' 34" Temperature (°F), Rain (in), Wind Speed (mph) Heat Cool Avg Mean Deg Deg Wind Dom Day Temp High Time Low Time Days Days Rain Speed High Time Dir ---------------------------------------------------------------------------------- 1 55.4 67.1 14:24 47.2 06:42 9.7 0.2 0.00 0.2 9.0 14:30 NE 2 52.8 65.6 11:40 47.8 04:07 12.2 0.0 0.10 0.2 10.0 14:39 NNE 3 47.5 54.2 16:26 41.5 07:49 17.5 0.0 0.00 0.3 12.0 11:29 NE 4 47.8 53.0 13:07 43.0 23:54 17.2 0.0 0.03 0.5 10.0 10:44 NE 5 46.2 53.4 13:29 38.5 07:13 18.8 0.0 0.00 1.4 19.0 12:23 NE 6 50.0 55.7 19:43 40.6 00:57 15.0 0.0 0.02 2.7 20.0 15:56 NE 7 51.5 58.1 14:07 47.1 23:54 14.0 0.0 0.00 1.8 21.0 12:18 NE 8 53.3 67.6 15:23 44.6 23:10 11.9 0.1 0.00 0.5 11.0 08:01 NNW 9 54.4 75.4 15:29 41.1 06:14 12.0 1.4 0.00 0.0 6.0 10:13 --- 10 57.5 73.1 15:19 47.2 07:02 8.8 1.3 0.00 0.1 6.0 11:56 NE 11 59.8 73.7 15:12 46.5 03:32 6.7 1.5 0.00 0.0 9.0 12:18 SSW 12 62.2 72.3 15:21 45.3 23:55 4.2 1.4 0.49 0.1 8.0 10:34 WNW 13 52.7 66.6 12:11 42.0 23:59 11.9 0.1 0.00 0.5 17.0 11:22 W 14 45.2 57.0 14:55 31.9 06:05 19.8 0.0 0.00 0.0 6.0 14:29 SW 15 48.0 53.9 15:25 41.4 20:20 17.0 0.0 0.00 1.1 16.0 09:12 WNW 16 46.4 60.3 15:23 34.9 07:06 18.6 0.0 0.00 0.0 5.0 14:22 --- 17 57.7 72.7 15:20 43.8 04:20 8.5 1.1 0.00 0.1 7.0 13:55 SSW 18 64.4 75.7 15:11 55.2 02:33 3.2 2.6 0.00 0.4 11.0 23:52 WSW 19 45.5 65.3 00:00 36.3 23:57 19.6 0.0 0.01 0.9 13.0 14:51 N 20 40.5 51.6 12:36 30.4 05:39 24.5 0.0 0.00 0.5 10.0 14:16 NE 21 51.5 62.7 15:06 37.7 00:00 13.4 0.0 0.00 0.0 4.0 11:23 --- 22 51.3 57.5 04:24 41.6 23:59 13.7 0.0 0.43 0.4 16.0 21:51 NNE 23 38.6 46.1 15:31 32.1 23:09 26.4 0.0 0.00 0.9 16.0 01:35 NNW 24 36.6 50.0 15:22 26.1 06:54 28.4 0.0 0.00 0.2 8.0 11:14 N 25 47.1 61.6 15:25 33.7 00:00 17.9 0.0 0.00 0.3 10.0 08:29 WSW 26 48.3 56.1 12:35 35.5 23:52 16.7 0.0 0.17 1.0 16.0 14:08 WNW 27 36.3 47.4 15:34 26.3 07:11 28.7 0.0 0.00 0.3 10.0 11:27 WNW 28 48.4 58.6 13:36 41.2 00:00 16.6 0.0 0.00 0.2 9.0 10:15 WSW 29 41.9 49.5 15:07 29.2 23:57 23.1 0.0 0.00 1.0 12.0 10:30 NNW 30 42.9 56.6 15:33 28.0 02:46 22.1 0.0 0.00 0.4 13.0 15:13 WSW ---------------------------------------------------------------------------------- 49.4 75.7 18 26.1 24 478.1 9.7 1.25 0.5 21.0 7 N Max >= 80.0: 0 Max <= 32.0: 0 Min <= 32.0: 6 Min <= 0.0: 0 Max Rain: 0.49 on day 12 Days of Rain: 7 (>= 0.01 in) 4 (>= 0.10 in) 0 (>= 1.00 in) Heat Base: 65.0 Cool Base: 65.0 Method: Integration