NOAA-Style Climate Reports
Select a Year or Month report
2024: Jan Feb Mar Apr May Jun Jul Aug Sep Oct Nov Dec
2023: Jan Feb Mar Apr May Jun Jul Aug Sep Oct Nov Dec
2022: Jan Feb Mar Apr May Jun Jul Aug Sep Oct Nov Dec
2021: Jan Feb Mar Apr May Jun Jul Aug Sep Oct Nov Dec
2020: Jan Feb Mar Apr May Jun Jul Aug Sep Oct Nov Dec
2019: Jan Feb Mar Apr May Jun Jul Aug Sep Oct Nov Dec
2018: Jan Feb Mar Apr May Jun Jul Aug Sep Oct Nov Dec
2017: Jan Feb Mar Apr May Jun Jul Aug Sep Oct Nov Dec
2016: Jan Feb Mar Apr May Jun Jul Aug Sep Oct Nov Dec
2015: Jan Feb Mar Apr May Jun Jul Aug Sep Oct Nov Dec
2014: Jan Feb Mar Apr May Jun Jul Aug Sep Oct Nov Dec
2013: Jan Feb Mar Apr May Jun Jul Aug Sep Oct Nov Dec
2012: Jan Feb Mar Apr May Jun Jul Aug Sep Oct Nov Dec
2024: Jan Feb Mar Apr May Jun Jul Aug Sep Oct Nov Dec
2023: Jan Feb Mar Apr May Jun Jul Aug Sep Oct Nov Dec
2022: Jan Feb Mar Apr May Jun Jul Aug Sep Oct Nov Dec
2021: Jan Feb Mar Apr May Jun Jul Aug Sep Oct Nov Dec
2020: Jan Feb Mar Apr May Jun Jul Aug Sep Oct Nov Dec
2019: Jan Feb Mar Apr May Jun Jul Aug Sep Oct Nov Dec
2018: Jan Feb Mar Apr May Jun Jul Aug Sep Oct Nov Dec
2017: Jan Feb Mar Apr May Jun Jul Aug Sep Oct Nov Dec
2016: Jan Feb Mar Apr May Jun Jul Aug Sep Oct Nov Dec
2015: Jan Feb Mar Apr May Jun Jul Aug Sep Oct Nov Dec
2014: Jan Feb Mar Apr May Jun Jul Aug Sep Oct Nov Dec
2013: Jan Feb Mar Apr May Jun Jul Aug Sep Oct Nov Dec
2012: Jan Feb Mar Apr May Jun Jul Aug Sep Oct Nov Dec
Report for 2022 June
Monthly Climatological Summary for Jun 2022 Name: EW9556 City: Newport News State: Virginia Elevation: 63 ft Lat: N 37° 06' 55" Lon: W 076° 31' 34" Temperature (°F), Rain (in), Wind Speed (mph) Heat Cool Avg Mean Deg Deg Wind Dom Day Temp High Time Low Time Days Days Rain Speed High Time Dir ---------------------------------------------------------------------------------- 1 82.9 96.6 15:46 70.1 05:26 0.0 17.9 0.00 0.2 8.0 10:11 NE 2 83.5 97.2 16:16 70.8 23:45 0.0 18.5 0.70 0.1 9.0 20:16 WNW 3 74.4 81.4 13:22 66.9 23:38 0.0 9.4 0.02 0.2 7.0 08:51 N 4 72.3 83.6 15:18 63.1 02:54 0.4 7.7 0.00 0.7 13.0 13:11 NE 5 69.6 83.4 12:53 58.6 06:16 1.3 5.9 0.00 1.1 20.0 16:17 ENE 6 68.1 80.4 12:41 54.3 05:58 2.4 5.5 0.00 0.5 13.0 17:01 NE 7 76.2 87.9 14:48 64.0 02:55 0.1 11.3 0.00 0.0 9.0 16:12 SW 8 79.6 94.2 15:28 72.4 06:08 0.0 14.6 0.11 0.1 10.0 16:28 ENE 9 79.9 89.3 14:53 73.3 23:57 0.0 14.9 0.01 0.3 9.0 20:27 NW 10 72.4 81.4 15:38 63.3 06:06 0.1 7.5 0.00 0.3 10.0 10:23 NE 11 73.9 86.6 15:16 61.1 05:51 0.5 9.4 0.01 0.0 9.0 17:25 ENE 12 76.0 86.1 11:42 70.3 03:49 0.0 11.0 0.67 0.0 7.0 12:52 ENE 13 82.4 95.7 13:38 71.7 05:34 0.0 17.4 0.00 0.0 7.0 15:23 SW 14 79.3 87.4 13:05 74.7 10:33 0.0 14.3 0.12 0.2 11.0 10:20 NNW 15 78.4 89.5 14:46 67.0 05:55 0.0 13.4 0.00 0.1 9.0 20:43 NE 16 76.5 85.2 16:48 68.3 07:29 0.0 11.5 0.05 0.0 8.0 16:16 SSW 17 84.7 100.3 15:57 73.5 06:30 0.0 19.7 0.00 0.0 6.0 11:33 WSW 18 75.9 83.5 13:40 61.1 23:43 0.2 11.1 0.00 0.5 13.0 15:21 NNW 19 69.1 79.3 16:33 58.5 06:00 0.9 5.1 0.00 0.2 9.0 10:17 NW 20 69.2 82.1 15:19 56.2 04:00 2.1 6.4 0.00 0.0 8.0 08:55 NE 21 73.5 84.2 17:06 61.8 06:04 0.6 9.1 0.00 0.0 6.0 23:10 --- 22 75.6 91.6 15:18 68.9 04:38 0.0 10.6 0.64 0.1 18.0 17:57 NE 23 70.2 74.4 11:46 65.6 23:57 0.0 5.2 0.23 0.4 11.0 04:52 NE 24 71.8 81.5 15:53 62.6 05:19 0.2 7.0 0.00 0.2 7.0 08:24 NE 25 74.9 89.9 15:10 61.8 05:47 0.4 10.3 0.00 0.1 8.0 17:42 ENE 26 77.9 91.5 16:02 65.1 06:09 0.0 12.9 0.00 0.0 9.0 22:14 SSW 27 77.9 91.8 15:10 67.4 23:44 0.0 12.9 1.13 0.1 14.0 17:19 W 28 72.5 81.4 16:01 64.4 06:20 0.0 7.5 0.00 0.6 15.0 10:23 NE 29 75.0 88.1 16:15 62.5 02:38 0.4 10.4 0.00 0.0 5.0 17:13 --- 30 80.8 94.0 15:38 69.7 06:05 0.0 15.8 0.00 0.0 7.0 17:52 --- ---------------------------------------------------------------------------------- 75.8 100.3 17 54.3 6 9.6 334.2 3.69 0.2 20.0 5 NE Max >= 80.0: 28 Max <= 32.0: 0 Min <= 32.0: 0 Min <= 0.0: 0 Max Rain: 1.13 on day 27 Days of Rain: 11 (>= 0.01 in) 7 (>= 0.10 in) 1 (>= 1.00 in) Heat Base: 65.0 Cool Base: 65.0 Method: Integration