NOAA-Style Climate Reports
Select a Year or Month report
2024: Jan Feb Mar Apr May Jun Jul Aug Sep Oct Nov Dec
2023: Jan Feb Mar Apr May Jun Jul Aug Sep Oct Nov Dec
2022: Jan Feb Mar Apr May Jun Jul Aug Sep Oct Nov Dec
2021: Jan Feb Mar Apr May Jun Jul Aug Sep Oct Nov Dec
2020: Jan Feb Mar Apr May Jun Jul Aug Sep Oct Nov Dec
2019: Jan Feb Mar Apr May Jun Jul Aug Sep Oct Nov Dec
2018: Jan Feb Mar Apr May Jun Jul Aug Sep Oct Nov Dec
2017: Jan Feb Mar Apr May Jun Jul Aug Sep Oct Nov Dec
2016: Jan Feb Mar Apr May Jun Jul Aug Sep Oct Nov Dec
2015: Jan Feb Mar Apr May Jun Jul Aug Sep Oct Nov Dec
2014: Jan Feb Mar Apr May Jun Jul Aug Sep Oct Nov Dec
2013: Jan Feb Mar Apr May Jun Jul Aug Sep Oct Nov Dec
2012: Jan Feb Mar Apr May Jun Jul Aug Sep Oct Nov Dec
2024: Jan Feb Mar Apr May Jun Jul Aug Sep Oct Nov Dec
2023: Jan Feb Mar Apr May Jun Jul Aug Sep Oct Nov Dec
2022: Jan Feb Mar Apr May Jun Jul Aug Sep Oct Nov Dec
2021: Jan Feb Mar Apr May Jun Jul Aug Sep Oct Nov Dec
2020: Jan Feb Mar Apr May Jun Jul Aug Sep Oct Nov Dec
2019: Jan Feb Mar Apr May Jun Jul Aug Sep Oct Nov Dec
2018: Jan Feb Mar Apr May Jun Jul Aug Sep Oct Nov Dec
2017: Jan Feb Mar Apr May Jun Jul Aug Sep Oct Nov Dec
2016: Jan Feb Mar Apr May Jun Jul Aug Sep Oct Nov Dec
2015: Jan Feb Mar Apr May Jun Jul Aug Sep Oct Nov Dec
2014: Jan Feb Mar Apr May Jun Jul Aug Sep Oct Nov Dec
2013: Jan Feb Mar Apr May Jun Jul Aug Sep Oct Nov Dec
2012: Jan Feb Mar Apr May Jun Jul Aug Sep Oct Nov Dec
Report for 2023 March
Monthly Climatological Summary for Mar 2023 Name: EW9556 City: Newport News State: Virginia Elevation: 63 ft Lat: N 37° 06' 55" Lon: W 076° 31' 34" Temperature (°F), Rain (in), Wind Speed (mph) Heat Cool Avg Mean Deg Deg Wind Dom Day Temp High Time Low Time Days Days Rain Speed High Time Dir ---------------------------------------------------------------------------------- 1 49.0 57.9 14:54 39.8 06:18 16.0 0.0 0.00 0.8 14.0 12:25 ENE 2 59.3 65.8 14:56 44.9 00:00 5.7 0.1 0.27 0.2 9.0 09:59 WSW 3 53.3 68.1 23:42 47.3 14:12 11.9 0.2 0.15 2.1 18.0 15:11 E 4 62.0 70.0 01:25 49.7 23:55 3.9 0.9 0.00 2.8 24.0 04:39 WNW 5 50.8 66.8 16:18 36.7 06:55 14.2 0.0 0.00 0.2 8.0 11:45 W 6 50.8 61.1 14:56 42.3 02:13 14.2 0.0 0.00 1.1 11.0 08:42 ENE 7 54.3 59.3 05:23 46.3 23:57 10.7 0.0 0.00 2.5 19.0 12:48 NW 8 44.9 54.4 15:50 36.1 06:42 20.1 0.0 0.00 1.9 20.0 01:27 NNW 9 46.4 58.7 16:16 38.0 23:58 18.6 0.0 0.00 0.7 10.0 07:30 N 10 46.9 53.5 15:53 36.5 01:11 18.1 0.0 0.01 0.8 10.0 12:25 S 11 45.3 50.4 15:54 39.6 23:59 19.7 0.0 0.00 1.7 16.0 09:06 NW 12 40.7 47.2 12:56 33.1 06:52 23.3 0.0 0.06 0.1 7.0 14:34 NE 13 44.1 47.1 18:29 40.7 21:35 20.9 0.0 0.31 0.5 10.0 22:53 NNE 14 42.4 50.8 16:45 35.5 07:35 22.6 0.0 0.00 2.6 21.0 09:55 WNW 15 42.3 54.5 17:14 33.2 06:43 22.6 0.0 0.00 2.1 17.0 00:01 NW 16 47.7 65.0 16:49 29.0 07:31 17.3 0.0 0.00 0.3 8.0 15:44 SSW 17 58.7 69.4 14:59 48.2 02:33 7.0 0.7 0.00 0.9 13.0 13:56 WSW 18 51.2 63.4 00:00 43.1 09:24 13.8 0.0 0.27 0.6 12.0 05:01 NW 19 42.4 48.7 00:25 31.8 23:55 22.6 0.0 0.00 0.8 14.0 10:26 NW 20 39.0 49.2 15:25 29.0 06:27 26.0 0.0 0.00 0.9 13.0 10:59 ENE 21 45.3 64.4 16:25 28.0 04:04 19.7 0.0 0.00 0.4 10.0 16:58 SSE 22 49.6 56.8 19:32 41.8 00:53 4.5 0.0 0.00 0.0 10.0 16:29 WSW 23 64.8 79.8 15:47 52.0 03:21 4.9 4.7 0.00 1.0 12.0 11:51 WSW 24 63.2 76.7 11:48 50.6 22:27 3.8 2.0 0.00 2.4 23.0 14:01 ENE 25 62.3 77.2 13:59 49.0 02:16 6.3 3.7 0.00 0.9 15.0 00:23 SE 26 62.4 70.0 10:42 52.7 23:53 3.3 0.7 0.00 0.8 12.0 11:47 E 27 60.4 73.9 17:45 50.9 02:23 6.0 1.4 0.38 0.3 10.0 17:29 NNE 28 53.7 60.0 00:00 46.7 06:59 11.3 0.0 0.18 0.8 13.0 13:00 ENE 29 50.7 61.1 15:36 42.2 06:51 14.3 0.0 0.45 0.9 13.0 11:42 ENE 30 48.5 54.4 13:52 43.3 05:22 16.5 0.0 0.00 1.5 14.0 09:07 ENE 31 57.7 72.6 13:23 41.2 03:18 9.1 1.8 0.09 0.8 17.0 16:59 SW ---------------------------------------------------------------------------------- 51.3 79.8 23 28.0 21 428.9 16.2 2.17 1.1 24.0 4 NNW Max >= 80.0: 0 Max <= 32.0: 0 Min <= 32.0: 4 Min <= 0.0: 0 Max Rain: 0.45 on day 29 Days of Rain: 10 (>= 0.01 in) 7 (>= 0.10 in) 0 (>= 1.00 in) Heat Base: 65.0 Cool Base: 65.0 Method: Integration