NOAA-Style Climate Reports
Select a Year or Month report
2024: Jan Feb Mar Apr May Jun Jul Aug Sep Oct Nov Dec
2023: Jan Feb Mar Apr May Jun Jul Aug Sep Oct Nov Dec
2022: Jan Feb Mar Apr May Jun Jul Aug Sep Oct Nov Dec
2021: Jan Feb Mar Apr May Jun Jul Aug Sep Oct Nov Dec
2020: Jan Feb Mar Apr May Jun Jul Aug Sep Oct Nov Dec
2019: Jan Feb Mar Apr May Jun Jul Aug Sep Oct Nov Dec
2018: Jan Feb Mar Apr May Jun Jul Aug Sep Oct Nov Dec
2017: Jan Feb Mar Apr May Jun Jul Aug Sep Oct Nov Dec
2016: Jan Feb Mar Apr May Jun Jul Aug Sep Oct Nov Dec
2015: Jan Feb Mar Apr May Jun Jul Aug Sep Oct Nov Dec
2014: Jan Feb Mar Apr May Jun Jul Aug Sep Oct Nov Dec
2013: Jan Feb Mar Apr May Jun Jul Aug Sep Oct Nov Dec
2012: Jan Feb Mar Apr May Jun Jul Aug Sep Oct Nov Dec
2024: Jan Feb Mar Apr May Jun Jul Aug Sep Oct Nov Dec
2023: Jan Feb Mar Apr May Jun Jul Aug Sep Oct Nov Dec
2022: Jan Feb Mar Apr May Jun Jul Aug Sep Oct Nov Dec
2021: Jan Feb Mar Apr May Jun Jul Aug Sep Oct Nov Dec
2020: Jan Feb Mar Apr May Jun Jul Aug Sep Oct Nov Dec
2019: Jan Feb Mar Apr May Jun Jul Aug Sep Oct Nov Dec
2018: Jan Feb Mar Apr May Jun Jul Aug Sep Oct Nov Dec
2017: Jan Feb Mar Apr May Jun Jul Aug Sep Oct Nov Dec
2016: Jan Feb Mar Apr May Jun Jul Aug Sep Oct Nov Dec
2015: Jan Feb Mar Apr May Jun Jul Aug Sep Oct Nov Dec
2014: Jan Feb Mar Apr May Jun Jul Aug Sep Oct Nov Dec
2013: Jan Feb Mar Apr May Jun Jul Aug Sep Oct Nov Dec
2012: Jan Feb Mar Apr May Jun Jul Aug Sep Oct Nov Dec
Report for 2024 January
Monthly Climatological Summary for Jan 2024 Name: EW9556 City: Newport News State: Virginia Elevation: 63 ft Lat: N 37° 06' 55" Lon: W 076° 31' 34" Temperature (°F), Rain (in), Wind Speed (mph) Heat Cool Avg Mean Deg Deg Wind Dom Day Temp High Time Low Time Days Days Rain Speed High Time Dir ---------------------------------------------------------------------------------- 1 42.9 50.7 13:08 37.5 23:49 22.1 0.0 0.02 0.3 9.0 17:59 NNW 2 38.0 46.3 15:38 28.9 23:58 27.0 0.0 0.04 0.6 14.0 14:22 NW 3 37.9 48.1 13:43 28.7 00:11 27.1 0.0 0.00 0.1 6.0 17:12 ESE 4 41.9 46.7 11:50 35.0 23:57 23.1 0.0 0.00 0.9 13.0 13:12 NNW 5 34.4 43.9 15:36 28.4 08:10 30.6 0.0 0.00 0.2 8.0 09:19 ENE 8 43.3 55.3 18:26 29.3 00:07 19.2 0.0 0.76 ---- 14.0 09:11 S 9 61.1 62.1 18:19 0.0 16:17 1.2 0.0 0.03 7.8 25.0 16:21 SSE 10 52.0 61.4 00:00 41.2 23:59 13.0 0.0 0.00 4.4 19.0 12:29 S 11 44.2 56.8 15:46 36.4 08:10 20.8 0.0 0.00 0.3 7.0 10:37 WSW 12 47.2 61.7 23:55 33.6 03:18 17.8 0.0 0.60 1.8 20.0 21:12 SE 13 54.5 63.3 02:28 40.5 23:59 10.5 0.0 0.17 2.3 23.0 12:06 W 14 44.1 57.6 15:39 36.0 08:10 20.9 0.0 0.00 0.9 14.0 18:03 W 15 39.6 42.7 22:11 37.3 08:43 25.4 0.0 0.06 1.1 14.0 10:00 ENE 16 35.7 41.5 00:00 25.1 23:58 29.3 0.0 0.17 1.2 10.0 20:06 NNE 17 27.9 36.3 15:50 18.2 08:11 37.1 0.0 0.00 0.9 11.0 16:40 WNW 22 34.0 49.0 13:57 29.2 03:41 18.0 0.0 0.00 ---- 7.0 13:45 SSW 23 0.0 45.9 20:50 0.0 20:49 0.0 0.0 0.00 ---- 8.0 11:18 --- 24 62.2 62.7 19:01 0.0 19:00 0.5 0.0 0.00 1.2 10.0 13:35 S 25 65.2 71.1 12:36 61.5 02:46 1.2 1.4 0.14 0.4 7.0 01:43 SSW 26 66.7 74.0 15:41 59.2 23:58 0.6 2.3 0.00 0.3 9.0 12:01 WSW 27 55.6 62.1 12:35 47.0 21:12 9.4 0.0 0.03 1.7 15.0 20:37 ENE 28 48.0 51.7 13:22 45.5 23:52 17.0 0.0 0.10 1.0 17.0 00:47 ENE 29 44.7 50.9 16:03 35.3 23:55 20.3 0.0 0.01 1.1 12.0 14:10 NNW 30 39.3 45.2 12:27 33.6 02:40 25.7 0.0 0.00 0.8 10.0 12:46 ENE 31 41.8 48.3 14:22 35.7 02:46 23.2 0.0 0.00 1.0 17.0 10:21 NE ---------------------------------------------------------------------------------- 44.1 74.0 26 0.0 9 441.0 3.7 2.13 1.2 25.0 9 SSE Max >= 80.0: 0 Max <= 32.0: 0 Min <= 32.0: 10 Min <= 0.0: 3 Max Rain: 0.76 on day 8 Days of Rain: 12 (>= 0.01 in) 6 (>= 0.10 in) 0 (>= 1.00 in) Heat Base: 65.0 Cool Base: 65.0 Method: Integration